is the remainder when 422 is divided by 111?
89
Calculate the remainder when 71 is divided by 13.
6
What is the remainder when 437 is divided by 210?
17
Calculate the remainder when 1426 is divided by 13.
9
Calculate the remainder when 591 is divided by 14.
3
What is the remainder when 954 is divided by 31?
24
Calculate the remainder when 97 is divided by 35.
27
What is the remainder when 281 is divided by 90?
11
What is the remainder when 369 is divided by 49?
26
What is the remainder when 57 is divided by 12?
9
Calculate the remainder when 232 is divided by 13.
11
What is the remainder when 1861 is divided by 110?
101
What is the remainder when 223 is divided by 39?
28
Calculate the remainder when 3149 is divided by 126.
125
Calculate the remainder when 130 is divided by 34.
28
Calculate the remainder when 2066 is divided by 39.
38
What is the remainder when 9238 is divided by 14?
12
Calculate the remainder when 225 is divided by 33.
27
What is the remainder when 2953 is divided by 27?
10
What is the remainder when 3725 is divided by 30?
5
What is the remainder when 97 is divided by 47?
3
What is the remainder when 105 is divided by 58?
47
What is the remainder when 1265 is divided by 186?
149
What is the remainder when 597 is divided by 20?
17
Calculate the remainder when 585 is divided by 97.
3
Calculate the remainder when 190 is divided by 33.
25
What is the remainder when 179 is divided by 77?
25
Calculate the remainder when 909 is divided by 251.
156
Calculate the remainder when 9 is divided by 2.
1
What is the remainder when 76 is divided by 14?
6
What is the remainder when 1201 is divided by 14?
11
What is the remainder when 41 is divided by 12?
5
Calculate the remainder when 5756 is divided by 33.
14
Calculate the remainder when 6406 is divided by 3.
1
Calculate the remainder when 150 is divided by 32.
22
What is the remainder when 1833 is divided by 610?
3
Calculate the remainder when 408 is divided by 183.
42
Calculate the remainder when 423 is divided by 106.
105
What is the remainder when 139 is divided by 45?
4
Calculate the remainder when 487 is divided by 19.
12
What is the remainder when 69171 is divided by 13?
11
Calculate the remainder when 42 is divided by 8.
2
What is the remainder when 20 is divided by 2?
0
What is the remainder when 144 is divided by 30?
24
Calculate the remainder when 2060 is divided by 1021.
18
Calculate the remainder when 139 is divided by 47.
45
What is the remainder when 980 is divided by 39?
5
Calculate the remainder when 100 is divided by 16.
4
What is the remainder when 80 is divided by 47?
33
Calculate the remainder when 7712 is divided by 14.
12
What is the remainder when 294 is divided by 90?
24
What is the remainder when 205 is divided by 42?
37
What is the remainder when 200 is divided by 60?
20
What is the remainder when 492 is divided by 55?
52
What is the remainder when 367 is divided by 5?
2
Calculate the remainder when 386 is divided by 86.
42
Calculate the remainder when 5227 is divided by 24.
19
What is the remainder when 472 is divided by 11?
10
Calculate the remainder when 510 is divided by 35.
20
Calculate the remainder when 732 is divided by 46.
42
What is the remainder when 82 is divided by 22?
16
What is the remainder when 616 is divided by 124?
120
What is the remainder when 2098 is divided by 140?
138
Calculate the remainder when 464 is divided by 14.
2
What is the remainder when 543 is divided by 39?
36
What is the remainder when 303 is divided by 4?
3
Calculate the remainder when 171 is divided by 29.
26
What is the remainder when 80 is divided by 27?
26
What is the remainder when 493 is divided by 33?
31
What is the remainder when 68 is divided by 20?
8
Calculate the remainder when 113 is divided by 3.
2
Calculate the remainder when 9124 is divided by 326.
322
Calculate the remainder when 103 is divided by 19.
8
Calculate the remainder when 39 is divided by 21.
18
Calculate the remainder when 118 is divided by 15.
13
What is the remainder when 358 is divided by 18?
16
What is the remainder when 338 is divided by 77?
30
What is the remainder when 283 is divided by 57?
55
What is the remainder when 321 is divided by 55?
46
Calculate the remainder when 170 is divided by 83.
4
What is the remainder when 428 is divided by 210?
8
Calculate the remainder when 6959 is divided by 6.
5
Calculate the remainder when 164 is divided by 153.
11
Calculate the remainder when 432 is divided by 422.
10
What is the remainder when 350 is divided by 27?
26
Calculate the remainder when 400 is divided by 239.
161
Calculate the remainder when 138 is divided by 50.
38
What is the remainder when 123 is divided by 44?
35
What is the remainder when 1142 is divided by 26?
24
Calculate the remainder when 371 is divided by 102.
65
What is the remainder when 402 is divided by 138?
126
What is the remainder when 784 is divided by 15?
4
What is the remainder when 86 is divided by 27?
5
Calculate the remainder when 753 is divided by 151.
149
What is the remainder when 88 is divided by 31?
26
What is the remainder when 47 is divided by 37?
10
What is the remainder when 1675 is divided by 43?
41
What is the remainder when 2440 is divided by 498?
448
What is the remainder when 7603 is divided by 9?
7
What is the remainder when 197 is divided by 8?
5
What is the remainder when 1398 is divided by 10?
8
What is the remainder when 38555 is divided by 42?
41
What is the remainder when 967 is divided by 17?
15
Calculate the remainder when 120 is divided by 41.
38
What is the remainder when 683 is divided by 142?
115
What is the remainder when 364 is divided by 47?
35
What is the remainder when 146 is divided by 133?
13
What is the remainder when 2919 is divided by 81?
3
What is the remainder when 283 is divided by 36?
31
Calculate the remainder when 445 is divided by 415.
30
Calculate the remainder when 14791 is divided by 302.
295
What is the remainder when 469 is divided by 234?
1
What is the remainder when 188 is divided by 61?
5
Calculate the remainder when 158 is divided by 78.
2
What is the remainder when 796 is divided by 23?
14
Calculate the remainder when 374 is divided by 128.
118
What is the remainder when 98 is divided by 32?
2
What is the remainder when 394 is divided by 45?
34
What is the remainder when 1183 is divided by 108?
103
Calculate the remainder when 254 is divided by 91.
72
Calculate the remainder when 1286 is divided by 16.
6
Calculate the remainder when 184 is divided by 50.
34
What is the remainder when 30 is divided by 26?
4
What is the remainder when 196 is divided by 33?
31
Calculate the remainder when 53 is divided by 31.
22
What is the remainder when 2186 is divided by 15?
11
What is the remainder when 432 is divided by 26?
16
Calculate the remainder when 1869 is divided by 12.
9
Calculate the remainder when 11464 is divided by 4.
0
Calculate the remainder when 47233 is divided by 418.
417
What is the remainder when 308 is divided by 39?
35
Calculate the remainder when 3937 is divided by 25.
12
What is the remainder when 121 is divided by 43?
35
Calculate the remainder when 181 is divided by 16.
5
Calculate the remainder when 2863 is divided by 8.
7
Calculate the remainder when 105 is divided by 18.
15
Calculate the remainder when 477 is divided by 12.
9
What is the remainder when 3846 is divided by 8?
6
Calculate the remainder when 10193 is divided by 200.
193
Calculate the remainder when 740 is divided by 29.
15
Calculate the remainder when 7 is divided by 4.
3
Calculate the remainder when 451 is divided by 119.
94
What is the remainder when 3288 is divided by 18?
12
Calculate the remainder when 155 is divided by 65.
25
Calculate the remainder when 323 is divided by 66.
59
What is the remainder when 52 is divided by 28?
24
Calculate the remainder when 698 is divided by 54.
50
Calculate the remainder when 169 is divided by 167.
2
Calculate the remainder when 318 is divided by 81.
75
Calculate the remainder when 12 is divided by 10.
2
Calculate the remainder when 68 is divided by 13.
3
Calculate the remainder when 108 is divided by 36.
0
Calculate the remainder when 795 is divided by 19.
16
Calculate the remainder when 261 is divided by 83.
12
What is the remainder when 9591 is di